5*r. Let t(x) be the third derivative of g(x). Is t(6) prime?
False
Suppose 1338*o + 230843 = 1355*o. Is o prime?
False
Let z(l) = l**3 + 4*l**2 - 22*l - 2. Let i be z(-7). Let t be i + -1 + (-3 - -1) + -2. Suppose 0*m - 4*x = -3*m + 18633, -4*x = t. Is m a composite number?
False
Let o = 4 + -67. Suppose 0 = -12*k + 636 + 732. Let j = o + k. Is j composite?
True
Let k(m) = 363*m - 45. Let z(b) = 363*b - 49. Let t(l) = -6*k(l) + 5*z(l). Is t(-7) a prime number?
False
Suppose -4*h + 28 = 2*o, 0 = -o - 5*h + 2*h + 19. Suppose -g + 458 = 5*b - 1700, -o*g + 5*b = -8607. Is g composite?
False
Let z(b) = -2194*b + 495. Is z(-7) a prime number?
False
Let o(h) = 592*h**2 - 119*h + 436. Is o(-22) a composite number?
True
Let o = 2078 + 453. Let f = -2509 - o. Let d = f + 9089. Is d composite?
False
Let u(a) = -a**3 - 9*a**2 - 9*a - 2. Let y(o) = o**2 - 6*o + 1. Let g be y(7). Suppose -12*l = -g*l + 36. Is u(l) prime?
True
Let d = -1000 + 505. Let n = 50 + 41. Let x = n - d. Is x composite?
True
Let h(a) be the third derivative of 29*a**8/10080 - a**6/720 + a**5/20 + 3*a**2. Let o(x) be the third derivative of h(x). Is o(3) composite?
False
Suppose 0 - 2 = -w. Let j(o) = 3 + 32*o**w - 9*o**2 - 2*o + 2*o. Is j(4) a composite number?
True
Suppose 13888 + 66526 + 55222 = 12*p. Is p a composite number?
True
Let n = 925348 + -420591. Is n a prime number?
False
Suppose 3*t - 2*b + 4*b - 1852 = 0, 4*t - 2460 = 2*b. Let f be 67*(15/4*1)/(28/112). Let n = f - t. Is n prime?
True
Suppose -30 = -5*s - 6*g + g, 3*s - 5*g = -6. Suppose s*c + 0 = 9. Let t(w) = 38*w + 1. Is t(c) prime?
False
Let k(c) = -c**3 + 17*c**2 + c - 12. Let x be k(17). Suppose 5*m - 295 = 4*p, 0*p - 250 = -5*m - x*p. Let g = 113 - m. Is g composite?
True
Let y(s) = -149*s - 54. Let k(t) = -449*t - 163. Let v(n) = -3*k(n) + 8*y(n). Is v(8) prime?
True
Let a = -40578 + 78325. Is a a composite number?
False
Is -8 - (-26 - -17)/(4/21396) prime?
False
Suppose -2*h = -5*z - 381078, 1143290 = 7*h - h - z. Is h a prime number?
False
Suppose -h + 8 - 6 = 0. Suppose -3*j + 3 = -2*p, -6*p + 11*p + h*j = 2. Suppose -10*t + 23*t - 10205 = p. Is t prime?
False
Let m be (-4)/8 - (-7644)/8. Suppose -89922 - m = -19*r. Is r a composite number?
False
Suppose 31 - 10 = -7*g. Let a(w) = -43*w**2 + 4*w + 1. Let r be a(g). Let l = -195 - r. Is l prime?
False
Let g(c) = 195*c + 495. Let a be g(-2). Let y be (8/5 + -2)*-35. Is (8/y)/(-2) - (-325635)/a prime?
False
Let g = 5 + 1. Suppose u = -g*u + 6*u. Suppose -2*t - c + 595 = u, 2*c = 7*c - 25. Is t prime?
False
Suppose 26*i - 24*i + 13044 = 0. Let w = 9319 + i. Is w prime?
True
Suppose 0 = 3*b + 8*b - 4136. Let u be (615/(-4))/((-7)/28). Let w = u + b. Is w composite?
False
Let m(h) = -h**2 - 11*h - 10. Let l be m(-9). Let n be (-12)/3*(-4)/l. Let o(k) = 60*k + 7. Is o(n) a composite number?
False
Let k(i) = -i**3 + 7*i**2 + 3*i - 9. Let j be k(7). Let f(l) be the second derivative of 99*l**3/2 - 53*l**2/2 - 43*l. Is f(j) a prime number?
True
Suppose 3*s + 551*v - 554*v - 85215 = 0, -2*v = s - 28387. Is s prime?
False
Is 18/(-576)*-2048968 + (-3)/(-4) prime?
False
Let q be 2504/(-8) + (-5 - -2). Let u = 793 - q. Suppose -2*k - 3*k + u = 2*r, 3*r = -3*k + 1668. Is r prime?
True
Let p(w) = -1 - 16*w + 13 + 34*w**2 + 31*w - 18*w. Is p(7) a composite number?
False
Let d = -113166 - -189977. Is d prime?
False
Let i be 8210/(-4)*(-4)/(-5). Let a = i + 4881. Is a a prime number?
False
Suppose -6*q - 2 = -44. Suppose k - q*k - 36 = 0. Let t(s) = 15*s**2 - 34*s + 1. Is t(k) a prime number?
False
Is ((-3)/(-8 + 2))/((-6)/(-269628)) composite?
False
Suppose -43*b + 525588 = -31*b. Is b a composite number?
True
Suppose -3*c = 4*u - 4298, 3*u - 4*c - 147 - 3064 = 0. Suppose 17*n + u = 18*n. Is n composite?
True
Is 404333/62 - (-5)/60*-6 a prime number?
True
Let f = -65 + 71. Suppose f*j - 8664 = 4254. Is j prime?
True
Let v be 2/(5 - 319/66). Let y(q) = 0*q + 30 + 1 + 0*q + 32*q. Is y(v) a composite number?
True
Let b(k) = 5*k**2 + 15*k + 105. Let o be b(-25). Let x = o + 1228. Is x a composite number?
True
Let i be (80/30)/8 + 18320/3. Let w = -3610 + i. Is w a prime number?
False
Suppose -4*q = 2*z - 3*q - 11, 0 = z + 2*q + 2. Let n be 3/(-2)*16196 + -4 + -1 + -1. Is (-4 - (n/z)/3)*2 prime?
True
Let u = -33 + 48. Let g be 118/3 - 5/u. Suppose g*j = 42*j - 111. Is j composite?
False
Let f(g) = 76*g**2 - 14*g + 5. Suppose 3*j = 3*b - 3, 2*b + 1 = 3*j - 0*b. Is f(j) a composite number?
False
Suppose -6*h - 1042282 = -4885456. Is h a prime number?
True
Suppose 10*m + 2442849 = -7*m + 6687800. Is m a prime number?
True
Suppose 44 = 3*u - 4*f, -65 = -2*u - 3*u + 5*f. Suppose 5*y + 24286 = u*y + w, -y + 8100 = 5*w. Is y a composite number?
True
Let n(f) = -18*f + 3 - 2*f**2 - 14 + f**2. Let m be n(-12). Suppose 614 = 63*b - m*b. Is b a composite number?
False
Suppose 5*v - 41 = 4*b, -12 = 4*v - b - 36. Suppose -5*c + 4*j - 10781 = -8*c, v*j + 5 = 0. Is c a prime number?
False
Suppose 4*u = s + 2229799 + 1689666, -5*u = 4*s - 4899305. Is u a prime number?
False
Is (-39)/(-312)*((-36)/(-270) + 276471116/30) prime?
True
Suppose -3*u = -3*g + 291972, 4*g + 5*u + 2571 = 391876. Suppose 17*r + g = 42*r. Is r a composite number?
True
Suppose -124*h + 5566 = -122*h. Suppose 4*u + h = j, 26*j = 27*j + 3*u - 2755. Is j composite?
False
Let o(k) = 33*k**2 + 22*k - 49. Let c be o(-41). Let h = c + -34609. Is h a composite number?
False
Let o = -28602 - -41695. Is o prime?
True
Suppose 17*c - 44 = -27. Is (12/9*c)/((-100)/(-1139025)) composite?
False
Let r = 2994 - 539. Suppose -50086 = -3*c - r. Is c prime?
True
Suppose -9*c = -4*c - 3*s - 360092, -4*c + 288070 = -6*s. Is c a composite number?
False
Let l be ((-20)/(-60))/(2/6). Let g = l + 10. Suppose g*q - 14*q + 1011 = 0. Is q a prime number?
True
Let p(d) = d + 7. Let b be p(-5). Suppose 4*j + 3*x - 13 = -4, -b*j + 12 = 4*x. Suppose j = -3*g - 3*g + 4302. Is g a prime number?
False
Suppose -73*d = 11*d + 5866960 - 17751364. Is d prime?
True
Let h(s) = 13*s**3 - 5*s + 3*s**2 + 8*s**2 + 7 + 23*s - 14*s**3. Let d be h(9). Suppose -n - 10 = -d. Is n prime?
False
Let a = 704548 - 200669. Is a composite?
False
Let v(q) = -q + 9. Let p be v(7). Suppose p*o = 10, 4*r + 2*o = -26 + 132. Is r/(-16)*((-920)/3 + 2) composite?
False
Let j be -3*(9359/(-21))/7. Let r = j + -4. Is r a composite number?
True
Is (8/6 - 0)*-1069338*40/(-320) composite?
False
Let f(t) = 1137*t - 59. Suppose -117 = 23*m - 347. Is f(m) composite?
False
Let y = 7129 + 17464. Is y prime?
True
Let m = -32430 - -162964. Is m a composite number?
True
Let f = 3635 + -81. Suppose -18*c + 20*c - f = 0. Is c composite?
False
Let b = 97 - 95. Suppose -5*u = -3*m - 15, 4*u + b*m = 6*u - 6. Suppose -2*h + 5309 = 5*d, 0 = u*d + 3*h - 7*h - 3175. Is d prime?
True
Suppose 0 = 5*l + 243 - 1583. Is ((-111)/(-48)*4)/(1/l) a prime number?
False
Let c(f) = -6*f + 83. Let b be c(14). Is -1*3/b + (-1440)/(-9) prime?
True
Is 136226 - ((-114)/42 + 10/(-35)) prime?
False
Let r(x) = x**3 + 124*x**2 + 274*x + 128. Is r(-109) a composite number?
True
Is 968/(-1694) + 795869/7 a prime number?
False
Suppose -4*m + m - 42 = 0. Let d(g) be the second derivative of 7*g**4/12 + 8*g**3/3 - 15*g**2/2 + 619*g. Is d(m) prime?
False
Let v = -8 - -56. Let c = -46 + v. Is 38/(c - (-60)/(-33)) a prime number?
False
Suppose -c - 2521 = -3*h - 101, 2*c + 800 = h. Suppose 3*l - 4 = 7*l, 3*k = -4*l - h. Is k/((16/(-2))/4) a prime number?
False
Let z(u) = -611*u**3 + 8*u**2 + 8*u - 3. Let j(d) = -306*d**3 + 4*d**2 + 3*d - 1. Let g(k) = -9*j(k) + 4*z(k). Is g(2) prime?
False
Let s(l) = l**2 - 2*l - 2. Let u be s(3). Let k be (1/3)/u*1227. Suppose 4*j = v - k, -2*j = -v + 144 + 267. Is v prime?
False
Let p(q) = 19*q - 20*q + 794*q**2 - 60 - 35 + 18. Is p(6) prime?
False
Suppose 39*y - 414004 = 37*y - 5*w, 0 = 2*y - w - 414040. Is y prime?
True
Suppose 3*d = -5*a + 2*d + 38, 5*d + 34 = 3*a. Is a/36 + 364692/108 composite?
True
Suppose 241547 = -2*y + 5*y + 4*z, -2*y - 5*z = -161036. Is y a composite number?
False
Suppose 10*z = 6*z + 12. Is (-4)/z - 33270/(-18) prime?
True
Let t be 6*-1 + 1 + 3 + -1. Let s = 6 + t. Suppose 0*b - 645 = -s*b. Is b a composite number?
True
Let n = 454 + -7174. Let l = n - -9803. Is l a compo